ber?
False
Is 175601 prime?
True
Is 233059 composite?
True
Is 827227 a prime number?
True
Is 7397 prime?
False
Is 470731 composite?
False
Is 5429 a prime number?
False
Is 1356393 composite?
True
Is 19439 a prime number?
False
Is 106207 prime?
True
Is 16781 a prime number?
False
Is 135571 prime?
True
Is 838 prime?
False
Is 23983 a composite number?
True
Is 52991 a prime number?
False
Is 27817 composite?
False
Is 13523 prime?
True
Is 256019 a composite number?
False
Is 3386 composite?
True
Is 1979 a prime number?
True
Is 63557 prime?
False
Is 37679 composite?
True
Is 519533 a composite number?
True
Is 15223 prime?
False
Is 54449 composite?
False
Is 55411 a composite number?
False
Is 2327 prime?
False
Is 208927 prime?
True
Is 5261 composite?
False
Is 14962 prime?
False
Is 439 prime?
True
Is 89189 a prime number?
True
Is 144197 composite?
True
Is 2749 prime?
True
Is 60747 composite?
True
Is 2203 prime?
True
Is 21415 prime?
False
Is 402197 composite?
False
Is 84503 composite?
False
Is 69593 composite?
False
Is 4621 composite?
False
Is 12039 prime?
False
Is 37159 a prime number?
True
Is 216613 prime?
False
Is 23087 composite?
False
Is 69393 composite?
True
Is 333911 composite?
False
Is 7633 a composite number?
True
Is 1737869 a prime number?
False
Is 6353 a composite number?
False
Is 437569 a composite number?
True
Is 4327 a prime number?
True
Is 14047 a composite number?
True
Is 467 a composite number?
False
Is 168143 a composite number?
False
Is 71717 a prime number?
False
Is 42151 a prime number?
False
Is 11246 a composite number?
True
Is 1346 a composite number?
True
Is 764111 a composite number?
False
Is 448597 composite?
False
Is 57471 a composite number?
True
Is 611531 a composite number?
False
Is 266891 composite?
False
Is 443067 composite?
True
Is 17707 a composite number?
False
Is 36341 prime?
True
Is 9111 composite?
True
Is 12409 a composite number?
False
Is 108751 prime?
True
Is 127189 a composite number?
False
Is 375797 a composite number?
True
Is 24019 composite?
False
Is 9439 prime?
True
Is 90469 a composite number?
False
Is 214129 prime?
True
Is 273443 composite?
True
Is 5953 prime?
True
Is 669469 a composite number?
True
Is 1515857 a prime number?
False
Is 47935 prime?
False
Is 17377 a composite number?
False
Is 477163 a prime number?
True
Is 27019 a composite number?
True
Is 30161 prime?
True
Is 839 composite?
False
Is 17527 composite?
True
Is 395209 prime?
False
Is 129361 prime?
True
Is 85571 a composite number?
False
Is 2801989 a prime number?
False
Is 7349 a composite number?
False
Is 59833 prime?
True
Is 78863 prime?
False
Is 623 a prime number?
False
Is 3491401 prime?
True
Is 66647 prime?
False
Is 48221 prime?
True
Is 45211 prime?
False
Is 433841 composite?
True
Is 491 a composite number?
False
Is 158843 a prime number?
True
Is 662254 a prime number?
False
Is 61583 prime?
True
Is 33203 prime?
True
Is 40423 a prime number?
True
Is 1777 composite?
False
Is 29353 a prime number?
False
Is 18323 a composite number?
True
Is 792501 prime?
False
Is 138839 composite?
True
Is 13798 a composite number?
True
Is 26089 composite?
True
Is 17833 a prime number?
False
Is 32917 a prime number?
True
Is 9283 a prime number?
True
Is 4853 a composite number?
True
Is 5855 composite?
True
Is 105299 prime?
False
Is 8657 composite?
True
Is 74833 composite?
True
Is 8002 a composite number?
True
Is 140249 composite?
False
Is 461345 composite?
True
Is 1841 composite?
True
Is 226585 prime?
False
Is 923201 prime?
True
Is 18923 prime?
False
Is 12379 prime?
True
Is 47339 composite?
False
Is 93059 prime?
True
Is 675271 composite?
False
Is 520103 composite?
False
Is 1050917 a prime number?
False
Is 163 composite?
False
Is 107897 a prime number?
True
Is 17569 a composite number?
False
Is 3228023 a composite number?
False
Is 646567 a composite number?
True
Is 63179 composite?
False
Is 272093 a prime number?
True
Is 202441 a composite number?
False
Is 178067 composite?
False
Is 132437 a composite number?
False
Is 20487 composite?
True
Is 49519 a composite number?
True
Is 267733 prime?
False
Is 774959 a composite number?
False
Is 145727 composite?
True
Is 42691 a prime number?
False
Is 1931 prime?
True
Is 135257 prime?
True
Is 1013603 a prime number?
True
Is 35179 prime?
False
Is 76907 a prime number?
True
Is 116321 prime?
False
Is 340757 a prime number?
True
Is 919679 a composite number?
False
Is 2455 composite?
True
Is 172573 a prime number?
True
Is 5078 composite?
True
Is 55903 a prime number?
True
Is 77907 composite?
True
Is 74267 prime?
False
Is 123362 composite?
True
Is 286243 a composite number?
False
Is 486781 a prime number?
True
Is 341617 prime?
True
Is 545711 prime?
True
Is 2579 composite?
False
Is 44449 prime?
True
Is 105097 a prime number?
True
Is 631 prime?
True
Is 13367 prime?
True
Is 3787 composite?
True
Is 8501 a prime number?
True
Is 55579 a prime number?
True
Is 7453 a composite number?
True
Is 2249 a composite number?
True
Is 303187 a composite number?
False
Is 331 a prime number?
True
Is 2119 prime?
False
Is 85979 a composite number?
True
Is 10109 composite?
True
Is 573 a prime number?
False
Is 784253 composite?
True
Is 7318 a prime number?
False
Is 77929 prime?
True
Is 4714 a composite number?
True
Is 1397407 composite?
True
Is 4837 a composite number?
True
Is 136573 composite?
False
Is 76367 a prime number?
True
Is 11047 a prime number?
True
Is 1673563 a composite number?
False
Is 89329 prime?
True
Is 12809 prime?
True
Is 88057 composite?
True
Is 81749 a prime number?
True
Is 319801 a composite number?
True
Is 21011 a composite number?
False
Is 31741 a composite number?
False
Is 3463 prime?
True
Is 18877 composite?
True
Is 27806 composite?
True
Is 276753 a composite number?
True
Is 4057 composite?
False
Is 30089 a prime number?
True
Is 66733 composite?
False
Is 44303 a composite number?
True
Is 41723 composite?
True
Is 1148191 a prime number?
False
Is 1636563 a prime number?
False
Is 55441 composite?
False
Is 32245 a prime number?
False
Is 82339 composite?
False
Is 2933 prime?
False
Is 3821 prime?
True
Is 21557 a prime number?
True
Is 18839 prime?
True
Is 46049 prime?
True
Is 542749 composite?
True
Is 3017 prime?
False
Is 6067 a prime number?
True
Is 16855 prime?
False
Is 104071 composite?
True
Is 103301 a composite number?
True
Is 1021183 a prime number?
True
Is 118739 composite?
False
Is 278843 composite?
False
Is 40567 prime?
False
Is 3785 a composite number?
True
Is 6733 a composite number?
False
Is 490151 a prime number?
True
Is 983995 composite?
True
Is 1432361 a composite number?
True
Is 208795 composite?
True
Is 132697 a prime number?
True
Is 5897 a composite number?
False
Is 2194411 composite?
True
Is 9601 a prime number?
True
Is 108497 composite?
False
Is 68389 a composite number?
False
Is 54269 prime?
True
Is 3371 prime?
True
Is 1142909 a prime number?
True
Is 14513 prime?
False
Is 809 composite?
False
Is 16637 prime?
False
Is 294029 a prime number?
True
Is 5513 a composite number?
True
Is 23723 a prime number?
False
Is 1009405 prime?
False
Is 6102185 a prime number?
False
Is 36251 composite?
False
Is 13313 prime?
True
Is 3155 composite?
True
Is 487402 a prime number?
False
Is 41843 a prime number?
True
Is 178597 a composite number?
False
Is 50983 a prime number?
False
Is 7069 composite?
False
Is 239 composite?
False
Is 92623 prime?
True
Is 3783797 prime?
True
Is 39821 a composite number?
False
Is 75443 a prime number?
False
Is 116903 a composite number?
False
Is 11411 prime?
True
Is 67238 a prime number?
False
Is 46211 prime?
False
Is 5027 a prime number?
False
Is 6187 prime?
False
Is 8873 composite?
True
Is 78691 a prime number?
True
Is 941411 a composite number?
True
Is 8747 prime?
True
Is 342791 prime?
True
Is 9413 a prime number?
True
Is 709463 prime?
False
Is 124715 prime?
False
Is 8147 prime?
True
Is 1201381 a prime number?
True
Is 35489 a prime number?
False
Is 35669 a composite number?
True
Is 16487 prime?
True
Is 2157 composite?
True
Is 12611 a composite number?
False
Is 3473 a prime number?
False
Is 1136557 a composite number?
False
Is 1447171 prime?
False
Is 84389 composite?
False
Is 339821 composite?
False
Is 108917 a composite number?
False
Is 159994 composite?
True
Is 5765 composite?
True
Is 77471 a composite nu